{"id":128,"date":"2014-05-16T12:55:47","date_gmt":"2014-05-16T11:55:47","guid":{"rendered":"http:\/\/tdm.incongru.org\/?page_id=128"},"modified":"2017-02-06T21:40:55","modified_gmt":"2017-02-06T20:40:55","slug":"temps-de-pose","status":"publish","type":"page","link":"https:\/\/tdm.incongru.org\/?page_id=128","title":{"rendered":"Temps de pose"},"content":{"rendered":"<p>Le Caravage, qui a bu trop de caf\u00e9, cherche comment peindre son <em>Ecce Homo<\/em> et finit par mettre ses mod\u00e8les un peu mal \u00e0 l\u2019aise.<\/p>\n<p><span style=\"color: #141823;\">Sarah Bernhardt vient se faire tirer le portrait par Nadar sous les yeux de sa femme paralytique, puis revient quarante ans plus tard dans un cercueil.<\/span><\/p>\n<p>A l\u2019issue de sa performance inspir\u00e9e du <em>D\u00e9sesp\u00e9r\u00e9<\/em> de Courbet, Ludo et son public ont un d\u00e9bat passionnant.<\/p>\n<p>Un cascadeur m\u00e9taphysique du nom d\u2019Yves Klein \u2013 en r\u00e9alit\u00e9 un simple intermittent du spectacle \u2013 propose de se jeter dans le vide.<\/p>\n<p>Des tableaux ; des fictions ; des m\u00e9ditations profondes sur le d\u00e9licat probl\u00e8me de l\u2019art ; des dialogues entre l\u2019artiste et le mod\u00e8le, l\u2019\u0153uvre et le spectateur.<\/p>\n<p>Et bien d\u2019autres choses encore.<\/p>\n<p>\u00ab Vous ne pourrez plus sortir de cette for\u00eat. \u00bb<\/p>\n<p><em>Dur\u00e9e : 2h<\/em><\/p>\n<p><em><span class=\"nom_champ_perso\">Mise en sc\u00e8ne :\u00a0<\/span>Benjamin Abitan<\/em><br \/>\n<em>Dramaturgie : Thomas Horeau<\/em><br \/>\n<em>Conception et interpr\u00e9tation :\u00a0M\u00e9lissa Barbaud, Raffa\u00eblle Bloch, Hadrien Bouvier, Antoine Dusollier, Barth\u00e9l\u00e9my Meridjen, Aur\u00e9lie Miermont<\/em><br \/>\n<em><span class=\"nom_champ_perso\">Lumi\u00e8re :\u00a0<\/span>Ondine Trager<\/em><br \/>\n<em><span class=\"nom_champ_perso\">Son :\u00a0<\/span>Thomas Carpentier<\/em><br \/>\n<em>Coach vocal : Marc Sollogoub<\/em><br \/>\n<em><span class=\"nom_champ_perso\">Administration de production :\u00a0<\/span>Silvia Mammano<\/em><\/p>\n<p><em>Production Th\u00e9\u00e2tre de la D\u00e9mesure avec l\u2019aide du Minist\u00e8re de la Culture \/ DRAC D\u2019\u00cele-de-France, la participation artistique du Jeune Th\u00e9\u00e2tre National, la collaboration en r\u00e9sidence du CNES La Chartreuse \u2013 Villeneuve-lez-Avignon, l\u2019aide d\u2019Arcadi dans le cadre des Plateaux solidaires et de l\u2019\u00c9tablissement Public de Coop\u00e9ration Culturelle du ch\u00e2teau de la Roche-Guyon\u00a0et\u00a0le soutien de la ville de Montreuil.<\/em><\/p>\n<p><em>De et par M\u00e9lissa Barbaud, Raffa\u00eblle Bloch, Hadrien Bouvier, Antoine Dusollier, Barth\u00e9l\u00e9my Meridjen, Aur\u00e9lie Miermont<\/em><br \/>\n<em> Lumi\u00e8re : Ondine Trager<\/em><br \/>\n<em> Mise en sc\u00e8ne : Benjamin Abitan<\/em><\/p>\n","protected":false},"excerpt":{"rendered":"<p>Le Caravage, qui a bu trop de caf\u00e9, cherche comment peindre son Ecce Homo et finit par mettre ses mod\u00e8les un peu mal \u00e0 l\u2019aise. Sarah Bernhardt vient se faire tirer le portrait par Nadar sous les yeux de sa femme paralytique, puis revient quarante ans plus tard dans un cercueil. A l\u2019issue de sa [&hellip;]<\/p>\n","protected":false},"author":1,"featured_media":0,"parent":0,"menu_order":0,"comment_status":"open","ping_status":"closed","template":"","meta":[],"_links":{"self":[{"href":"https:\/\/tdm.incongru.org\/index.php?rest_route=\/wp\/v2\/pages\/128"}],"collection":[{"href":"https:\/\/tdm.incongru.org\/index.php?rest_route=\/wp\/v2\/pages"}],"about":[{"href":"https:\/\/tdm.incongru.org\/index.php?rest_route=\/wp\/v2\/types\/page"}],"author":[{"embeddable":true,"href":"https:\/\/tdm.incongru.org\/index.php?rest_route=\/wp\/v2\/users\/1"}],"replies":[{"embeddable":true,"href":"https:\/\/tdm.incongru.org\/index.php?rest_route=%2Fwp%2Fv2%2Fcomments&post=128"}],"version-history":[{"count":11,"href":"https:\/\/tdm.incongru.org\/index.php?rest_route=\/wp\/v2\/pages\/128\/revisions"}],"predecessor-version":[{"id":404,"href":"https:\/\/tdm.incongru.org\/index.php?rest_route=\/wp\/v2\/pages\/128\/revisions\/404"}],"wp:attachment":[{"href":"https:\/\/tdm.incongru.org\/index.php?rest_route=%2Fwp%2Fv2%2Fmedia&parent=128"}],"curies":[{"name":"wp","href":"https:\/\/api.w.org\/{rel}","templated":true}]}}